8
701 (base 12) to base 7
2641
-1002212221 (base 3) to base 12
-10737
Convert -1584 (base 11) to base 13.
-c00
What is 58184 (base 10) in base 6?
1125212
What is -36324 (base 8) in base 11?
-10777
Convert 24262 (base 7) to base 9.
8587
100111110011011 (base 2) to base 8
47633
What is 115464 (base 7) in base 6?
241553
Convert e (base 16) to base 7.
20
Convert 22240 (base 5) to base 15.
6ea
2659 (base 10) to base 5
41114
-1204 (base 9) to base 14
-47d
-42d (base 14) to base 2
-1100111001
Convert -3136 (base 14) to base 8.
-20434
2121 (base 3) to base 6
154
20178 (base 9) to base 2
11001111011010
Convert 25724 (base 8) to base 11.
8480
-704 (base 16) to base 15
-7eb
Convert -11773 (base 8) to base 13.
-2436
Convert 25 (base 15) to base 3.
1022
-117 (base 14) to base 13
-139
Convert 387 (base 15) to base 11.
66a
Convert 873 (base 12) to base 9.
1626
Convert 14744 (base 10) to base 8.
34630
Convert 5c9 (base 15) to base 11.
a95
Convert -210220201 (base 3) to base 9.
-23821
1768 (base 12) to base 8
5400
-234404 (base 5) to base 11
-6616
Convert 2279 (base 13) to base 8.
11340
Convert 1783 (base 9) to base 4.
111123
12909 (base 10) to base 16
326d
-110101121 (base 3) to base 5
-242114
-5457 (base 12) to base 8
-22103
What is -446413 (base 7) in base 3?
-11000111111
Convert 57e9 (base 15) to base 2.
100100011101101
What is 31154 (base 8) in base 9?
18632
Convert 602 (base 11) to base 6.
3212
2222022 (base 3) to base 2
100001111000
-2140013 (base 5) to base 15
-addd
What is 3d5 (base 15) in base 8?
1553
What is 25149 (base 13) in base 15?
153ac
891 (base 11) to base 16
42c
Convert 130 (base 6) to base 4.
312
-10100111011 (base 2) to base 6
-10111
Convert -8464 (base 11) to base 16.
-2bc2
What is -239 (base 14) in base 4?
-12323
311 (base 5) to base 14
5b
30c3 (base 13) to base 7
25452
Convert -4120 (base 5) to base 13.
-322
What is a53a (base 15) in base 12?
1826a
Convert -55a9 (base 14) to base 5.
-433344
378 (base 12) to base 4
20030
What is -1749 (base 13) in base 16?
-d71
What is 10660 (base 11) in base 6?
155241
Convert -1212401 (base 5) to base 13.
-a52a
Convert -10001101010 (base 2) to base 14.
-5aa
-12230200 (base 4) to base 11
-19671
What is -2112211 (base 3) in base 5?
-24413
Convert 114464 (base 7) to base 10.
20822
Convert 1111010011100 (base 2) to base 14.
2bda
Convert -4875 (base 9) to base 12.
-2128
Convert b75 (base 13) to base 3.
2200102
What is -2713 (base 9) in base 2?
-11111110101
232361 (base 7) to base 9
63165
What is -2004 (base 7) in base 8?
-1262
What is 491 (base 13) in base 9?
1072
-5bcc (base 13) to base 15
-3cc7
Convert -10002200202 (base 3) to base 11.
-41927
What is -75 (base 14) in base 13?
-7c
2a1 (base 11) to base 9
432
Convert 3000 (base 13) to base 5.
202331
What is -17132 (base 10) in base 2?
-100001011101100
What is -2111 (base 3) in base 11?
-61
13d (base 15) to base 11
238
What is 315325 (base 6) in base 10?
25829
-112403 (base 5) to base 12
-245b
323a (base 14) to base 13
3c45
What is 718 (base 12) in base 3?
1102002
Convert 32432 (base 10) to base 12.
16928
-a4 (base 11) to base 15
-79
Convert -53101 (base 6) to base 9.
-10741
Convert 257a (base 14) to base 13.
2cbb
What is 12267 (base 8) in base 16?
14b7
Convert 69a1 (base 12) to base 5.
334120
Convert -383 (base 10) to base 11.
-319
What is 9ab0 (base 14) in base 4?
12202322
What is -21112101 (base 3) in base 8?
-12563
Convert 91 (base 13) to base 5.
433
-d1 (base 15) to base 5
-1241
Convert -20333 (base 4) to base 12.
-3bb
-108c7 (base 15) to base 4
-30312010
Convert 2a7 (base 13) to base 12.
337
Convert 7738 (base 9) to base 6.
42225
-1432 (base 9) to base 7
-3104
What is 257 (base 14) in base 16?
1d5
Convert 1231120 (base 5) to base 2.
101110101100110
Convert -57d5 (base 14) to base 3.
-202221220
1730 (base 15) to base 9
6760
-333 (base 14) to base 10
-633
-1000022 (base 3) to base 16
-2e1
Convert 12331001 (base 4) to base 6.
335505
-b4 (base 15) to base 7
-331
1731 (base 10) to base 12
1003
What is 145534 (base 6) in base 14?
5294
What is -32a1 (base 12) in base 4?
-1113121
Convert 3834 (base 15) to base 6.
131234
-301223 (base 4) to base 5
-100204
6a0 (base 12) to base 7
2604
What is -10010022 (base 3) in base 15?
-a1b
What is 107 (base 16) in base 14?
14b
-4023341 (base 5) to base 10
-64221
2442021 (base 5) to base 8
132657
135406 (base 8) to base 11
32a76
What is 43a (base 15) in base 16?
3bb
What is 46031 (base 7) in base 8?
26644
-261a (base 15) to base 5
-230000
-120110 (base 4) to base 11
-1195
What is 152a4 (base 11) in base 3?
1002200221
Convert -20444 (base 6) to base 7.
-11026
a9 (base 15) to base 11
135
Convert -12445 (base 8) to base 4.
-1110211
Convert -1397 (base 10) to base 7.
-4034
4633 (base 7) to base 16
69a
Convert -1000111100011 (base 2) to base 15.
-1554
-3143 (base 7) to base 2
-10001010101
Convert -202101020 (base 3) to base 10.
-14856
What is -21 (base 12) in base 15?
-1a
What is 1896 (base 11) in base 16?
964
Convert 8a6 (base 13) to base 7.
4224
-71 (base 8) to base 11
-52
Convert 594 (base 11) to base 5.
10313
Convert -10010100001 (base 2) to base 15.
-540
Convert 262 (base 12) to base 15.
192
Convert 136040 (base 7) to base 5.
1313341
-2814 (base 9) to base 5
-31434
What is 1029 (base 10) in base 13?
612
9634 (base 13) to base 12
1007a
-13519 (base 12) to base 10
-26661
What is -111000011111 (base 2) in base 15?
-1110
Convert -31312 (base 5) to base 13.
-c42
Convert -1af (base 16) to base 14.
-22b
What is -2610 (base 8) in base 15?
-646
Convert 2483 (base 10) to base 5.
34413
What is -21000 (base 3) in base 5?
-1224
What is 4a76 (base 15) in base 12?
9219
What is 100311 (base 6) in base 13?
3790
What is -170405 (base 8) in base 4?
-33010011
What is 3405 (base 6) in base 15?
382
Convert -20211 (base 3) to base 12.
-134
What is -6022 (base 9) in base 16?
-112a
Convert 13700 (base 8) to base 15.
1c05
Convert -4671 (base 8) to base 12.
-1535
What is -248 (base 10) in base 6?
-1052
112112 (base 4) to base 5
21210
2c (base 13) to base 11
35
What is -4510 (base 6) in base 7?
-3030
Convert 101 (base 11) to base 16.
7a
Convert 2035 (base 11) to base 16.
a8c
What is 23044 (base 6) in base 14?
1296
Convert 316 (base 12) to base 10.
450
1c7 (base 16) to base 15
205
What is 1a14 (base 12) in base 10?
3184
Convert -11604 (base 8) to base 15.
-1731
Convert 12302 (base 7) to base 15.
e5b
What is -100101101100 (base 2) in base 7?
-10014
-33201 (base 4) to base 9
-1323
What is -3bc (base 16) in base 7?
-2534
What is -50396 (base 11) in base 2?
-10001111111001001
-1425 (base 7) to base 3
-202200
What is -4403 (base 5) in base 11?
-4a9
244041 (base 5) to base 13
42b2
Convert b2e (base 16) to base 11.
2172
-308 (base 12) to base 15
-1e5
What is 48956 (base 10) in base 6?
1014352
What is -768 (base 9) in base 12?
-445
5337 (base 9) to base 4
331102
Convert -1022202110 (base 3) to base 16.
-65d3
What is 1027 (base 11) in base 10?
1360
1637 (base 10) to base 5
23022
Convert 12000 (base 4) to base 16.
180
-ba7 (base 13) to base 2
-11111001100
Convert -1535 (base 11) to base 15.
-8b9
Convert 11801 (base 10) to base 4.
2320121
Convert 32734 (base 8) to base 2.
11010111011100
Convert -335 (base 10) to base 12.
-23b
Convert -685 (base 15) to base 4.
-113003
What is -4213 (base 6) in base 4?
-32301
Convert 33411 (base 12) to base 6.
1242421
Convert -1001101110111 (base 2) to base 13.
-2364
3140 (base 8) to base 6
11320
What is 1204b (base 15) in base 16?
e066
What is 3b40 (base 13) in base 16?
2136
Convert -1a83 (base 12) to base 5.
-101032
What is 10007 (base 15) in base 7?
300421
Convert -6c1 (base 13) to base 12.
-817
What is -53421 (base 7) in base 4?
-3032331
8626 (base 14) to base 9
34685
Convert 2551 (base 9) to base 7.
5365
What is -403 (base 14) in base 11?
-656
Convert -153742 (base 9) to base 5.
-11012041
Convert 3210210 (base 4) to base 14.
548c
Convert 34041 (base 7) to base 9.
12720
Convert 132 (base 5) to base 7.
60
-1084 (base 9) to base 16
-325
760 (base 8) to base 4
13300
-13432 (base 6) to base 11
-1647
What is 202 (base 8) in base 16?
82
-201221 (base 3) to base 12
-38a
What is 303 (base 10) in base 11?
256
Convert -4246 (base 11) to base 8.
-12760
Convert -261 (base 13) to base 3.
-120110
What is 201100102 (base 3) in base 15?
42a